highest common divisor of 6 and 354.
6
What is the highest common factor of 1 and 19?
1
What is the greatest common factor of 636 and 72?
12
What is the greatest common divisor of 84 and 2226?
42
What is the highest common factor of 2162 and 188?
94
Calculate the greatest common factor of 35 and 245.
35
What is the greatest common factor of 1178 and 266?
38
What is the highest common factor of 19 and 532?
19
Calculate the highest common factor of 87 and 3.
3
Calculate the greatest common divisor of 94 and 2209.
47
What is the greatest common divisor of 2024 and 23?
23
Calculate the highest common divisor of 405 and 5.
5
Calculate the highest common factor of 636 and 156.
12
What is the highest common factor of 132 and 198?
66
What is the greatest common divisor of 470 and 564?
94
Calculate the greatest common divisor of 94 and 2491.
47
What is the greatest common divisor of 1738 and 110?
22
Calculate the greatest common factor of 490 and 1078.
98
What is the greatest common divisor of 272 and 1479?
17
Calculate the greatest common factor of 4062 and 6.
6
Calculate the highest common factor of 22 and 1386.
22
Calculate the greatest common divisor of 14 and 1120.
14
What is the highest common factor of 81 and 9?
9
What is the highest common divisor of 106 and 11024?
106
Calculate the highest common divisor of 552 and 138.
138
Calculate the greatest common factor of 160 and 10.
10
What is the highest common factor of 30 and 30?
30
What is the highest common factor of 46 and 17227?
23
What is the highest common divisor of 15801 and 345?
69
What is the greatest common divisor of 338 and 8957?
169
What is the highest common factor of 6566 and 28?
14
What is the highest common factor of 4728 and 72?
24
Calculate the greatest common divisor of 369 and 1189.
41
What is the highest common divisor of 629 and 17?
17
What is the greatest common divisor of 2490 and 332?
166
Calculate the highest common factor of 736 and 667.
23
What is the greatest common factor of 140 and 80?
20
What is the greatest common factor of 34125 and 30?
15
What is the highest common factor of 330 and 240?
30
Calculate the highest common factor of 175 and 25.
25
Calculate the highest common divisor of 36 and 252.
36
Calculate the highest common divisor of 1041 and 9.
3
What is the highest common factor of 100 and 9650?
50
What is the greatest common divisor of 222 and 30?
6
Calculate the greatest common divisor of 94 and 329.
47
Calculate the highest common factor of 3953 and 67.
67
What is the highest common divisor of 36 and 882?
18
Calculate the greatest common factor of 60 and 36.
12
What is the highest common divisor of 49 and 1253?
7
What is the highest common divisor of 4214 and 28?
14
What is the greatest common divisor of 25 and 1400?
25
Calculate the highest common factor of 125 and 100.
25
Calculate the highest common divisor of 297 and 108.
27
What is the greatest common factor of 390 and 90?
30
What is the highest common factor of 1160 and 2842?
58
What is the highest common divisor of 16 and 656?
16
Calculate the highest common factor of 6539 and 13.
13
What is the greatest common factor of 452 and 4?
4
What is the highest common divisor of 288 and 504?
72
Calculate the greatest common factor of 31 and 1085.
31
Calculate the highest common factor of 50 and 410.
10
What is the highest common factor of 40 and 410?
10
Calculate the greatest common divisor of 4625 and 500.
125
What is the greatest common divisor of 57 and 2451?
57
What is the highest common factor of 651 and 465?
93
What is the greatest common divisor of 444 and 24?
12
Calculate the highest common divisor of 75 and 1635.
15
What is the greatest common factor of 17 and 18547?
17
What is the highest common factor of 195 and 520?
65
What is the greatest common divisor of 4506 and 24?
6
What is the greatest common factor of 100 and 320?
20
Calculate the greatest common divisor of 16 and 134.
2
What is the greatest common factor of 38 and 1710?
38
Calculate the highest common divisor of 13 and 11.
1
What is the highest common divisor of 7096 and 64?
8
What is the greatest common factor of 85 and 17?
17
What is the highest common factor of 18340 and 140?
140
Calculate the greatest common factor of 112 and 126.
14
Calculate the greatest common factor of 195 and 1040.
65
What is the highest common divisor of 72 and 168?
24
Calculate the highest common divisor of 2920 and 60.
20
What is the highest common divisor of 189 and 126?
63
What is the highest common factor of 33 and 66330?
33
What is the highest common factor of 693 and 5698?
77
What is the greatest common divisor of 112 and 4046?
14
Calculate the greatest common factor of 1457 and 47.
47
Calculate the greatest common divisor of 78 and 24.
6
What is the greatest common divisor of 520 and 920?
40
What is the greatest common factor of 30 and 24610?
10
Calculate the greatest common divisor of 28 and 732.
4
What is the highest common factor of 1 and 2960?
1
Calculate the highest common factor of 328 and 344.
8
What is the highest common factor of 69 and 230?
23
Calculate the greatest common factor of 5598 and 36.
18
What is the greatest common factor of 765 and 45?
45
What is the greatest common divisor of 33 and 275?
11
What is the highest common factor of 11567 and 129?
43
Calculate the highest common divisor of 1216 and 19.
19
What is the greatest common divisor of 46 and 23?
23
What is the highest common factor of 220 and 33?
11
What is the greatest common factor of 18 and 2178?
18
Calculate the greatest common divisor of 702 and 104.
26
Calculate the greatest common divisor of 1392 and 1566.
174
Calculate the highest common factor of 48 and 1176.
24
What is the greatest common divisor of 13 and 4?
1
Calculate the highest common factor of 64 and 1216.
64
Calculate the greatest common factor of 315 and 63.
63
What is the highest common divisor of 23 and 1817?
23
What is the highest common divisor of 2162 and 1222?
94
What is the highest common divisor of 190 and 740?
10
What is the greatest common divisor of 26 and 2184?
26
What is the highest common divisor of 72 and 3528?
72
Calculate the highest common divisor of 57 and 2413.
19
What is the greatest common divisor of 61 and 19093?
61
What is the highest common divisor of 925 and 225?
25
What is the highest common factor of 226 and 2?
2
What is the greatest common factor of 36 and 513?
9
Calculate the highest common factor of 99 and 6174.
9
Calculate the highest common divisor of 224 and 40.
8
What is the highest common divisor of 114 and 114?
114
Calculate the greatest common divisor of 3 and 3981.
3
Calculate the greatest common divisor of 151 and 1.
1
Calculate the highest common divisor of 228 and 304.
76
Calculate the highest common divisor of 559 and 52.
13
Calculate the greatest common factor of 2356 and 76.
76
Calculate the highest common divisor of 50 and 2050.
50
What is the greatest common divisor of 460 and 20?
20
Calculate the greatest common divisor of 235 and 15.
5
Calculate the greatest common factor of 55 and 145.
5
What is the highest common factor of 20 and 570?
10
Calculate the highest common divisor of 18 and 4842.
18
What is the highest common divisor of 16528 and 48?
16
What is the greatest common factor of 22403 and 301?
43
What is the greatest common factor of 460 and 10?
10
What is the greatest common factor of 332 and 83?
83
Calculate the highest common factor of 481 and 689.
13
What is the greatest common divisor of 234 and 18?
18
Calculate the highest common factor of 98 and 14.
14
What is the greatest common divisor of 598 and 6?
2
What is the highest common divisor of 35 and 7?
7
What is the highest common factor of 932 and 196?
4
What is the highest common factor of 640 and 9536?
64
What is the highest common factor of 414 and 782?
46
What is the greatest common factor of 31 and 124?
31
What is the highest common divisor of 30 and 10860?
30
What is the greatest common factor of 150 and 30?
30
What is the highest common factor of 140 and 154?
14
Calculate the highest common divisor of 208 and 16.
16
What is the highest common factor of 114 and 2337?
57
What is the greatest common divisor of 2456 and 3377?
307
What is the highest common divisor of 2507 and 1081?
23
Cal